+ 25. Determine b(-10).
-5
Let d(n) = -47*n**3 + n - 2. Determine d(1).
-48
Let m(v) = -v**2 - 11*v + 63. What is m(-12)?
51
Let k(f) = 1620*f - 32395. Give k(20).
5
Let l(c) = 2275*c - 136501. Determine l(60).
-1
Let d(v) = 21*v**2 - 157*v + 53. Calculate d(7).
-17
Let i(n) = 27*n**2 - 100*n + 8. Give i(4).
40
Let k(m) = 263*m + 3691. Determine k(-14).
9
Let j(f) = f**3 - 105*f**2 + 223*f - 1747. Determine j(103).
4
Let l(w) = w**3 - 4*w**2 + 17*w - 48. Calculate l(5).
62
Let w(s) = 13130*s + 144442. What is w(-11)?
12
Let g(x) = x**2 + 49*x + 571. Determine g(-26).
-27
Let i(c) = -12*c + 298. What is i(41)?
-194
Let s(k) = 2*k**2 + 17*k - 28. Calculate s(5).
107
Let a(i) = 3*i**2 + 28*i + 50. Determine a(-8).
18
Let t(v) = 323*v + 1238. What is t(-4)?
-54
Let u(m) = -108*m - 537. What is u(-5)?
3
Let k(o) = -o**3 + 21*o**2 - 76*o + 743. Calculate k(19).
21
Let w(c) = 4*c**2 + 415*c + 280. Determine w(-103).
-29
Let v(p) = p**2 - 44*p + 108. Determine v(39).
-87
Let b(s) = -7*s**3 + 4*s**2 + 9*s + 2. Determine b(-4).
478
Let f(b) = b**3 + 24*b**2 + 11*b - 264. Give f(-23).
12
Let l(r) = -3*r**3 - 506*r**2 + 686*r + 1022. Calculate l(-170).
2
Let l(z) = 29*z**2 - 76*z - 10. Calculate l(3).
23
Let s(y) = 8*y - 46. Calculate s(30).
194
Let k(d) = 2*d**3 + 16*d**2 - 16*d + 8. What is k(-9)?
-10
Let z(o) = 4*o**2 + 57*o - 673. Determine z(-22).
9
Let b(n) = 129*n - 136. Give b(-3).
-523
Let i(y) = -3*y**2 + 25*y + 85. What is i(-5)?
-115
Let j(g) = -g**3 + 12*g**2 - 60*g + 397. Calculate j(10).
-3
Let a(f) = f**2 + 714*f + 6353. Determine a(-9).
8
Let o(t) = -12*t**2 - 9*t - 27. Calculate o(5).
-372
Let y(a) = -5*a**2 + 339*a - 1215. Give y(64).
1
Let f(d) = -d**2 - 130*d + 955. Determine f(-137).
-4
Let g(m) = m**2 - 72*m + 288. Calculate g(68).
16
Let h(l) = 405*l + 14306. Determine h(-35).
131
Let v(c) = 8*c - 174. Give v(20).
-14
Let h(f) = -4*f**2 + 21*f + 110. Determine h(-9).
-403
Let u(m) = -m**3 + 53*m**2 - 165*m - 1512. Determine u(49).
7
Let k(m) = 9*m**3 + 2*m**2 - 44*m + 1. Calculate k(-3).
-92
Let a(d) = -46*d - 646. What is a(-13)?
-48
Let n(w) = 52*w + 36. Calculate n(0).
36
Let t(s) = 40*s - 387. What is t(18)?
333
Let f(r) = -205*r - 885. Determine f(-5).
140
Let z(o) = 10007*o - 40046. Give z(4).
-18
Let n(o) = 17*o**2 - 21*o - 44. Determine n(-5).
486
Let t(n) = -1882*n - 18800. Calculate t(-10).
20
Let p(z) = -58*z - 538. Calculate p(-21).
680
Let h(l) = l**2 - 319*l + 5. Determine h(0).
5
Let r(h) = 9*h**3 - 64*h**2 + 12*h - 23. What is r(7)?
12
Let z(o) = -112*o**2 + 1351*o - 28. Give z(12).
56
Let t(b) = -7*b**2 + 61*b + 87. Give t(10).
-3
Let p(m) = m**3 - 7*m**2 - 10*m - 6. What is p(-2)?
-22
Let v(a) = -a + 236. What is v(29)?
207
Let p(a) = -a**3 + 179*a**2 + 3996*a - 3194. What is p(199)?
-10
Let f(l) = -2*l**3 + 17*l**2 + l - 141. What is f(7)?
13
Let i(q) = 4*q**2 + 47*q - 13. What is i(-15)?
182
Let u(t) = -13*t**2 - 496*t - 82. Determine u(-38).
-6
Let o(w) = 2*w**3 - 9*w**2 - 61*w - 176. Give o(9).
4
Let w(z) = z**3 + 25*z**2 - 43*z + 216. Determine w(-27).
-81
Let t(z) = 21*z**2 - 1030*z + 1057. Give t(48).
1
Let j(w) = w**3 - 19*w**2 - 64*w - 42. Give j(-2).
2
Let n(d) = 2*d**3 - 35*d**2 + 12*d - 23. Calculate n(17).
-108
Let l(r) = -227*r - 15404. Determine l(-68).
32
Let z(q) = -q**3 + 31*q**2 + 286*q + 391. Determine z(-6).
7
Let f(a) = a**2 - 280*a - 17269. Determine f(332).
-5
Let y(r) = -31*r**2 + 8*r - 10. What is y(2)?
-118
Let s(b) = -16*b**3 - 1279*b**2 + 80*b + 10. Determine s(-80).
10
Let l(x) = -2*x**2 - 10*x - 21. What is l(-5)?
-21
Let h(n) = -5*n**2 + 337*n + 6671. Calculate h(-16).
-1
Let f(q) = 4*q - 85. Calculate f(61).
159
Let g(x) = x**3 + 206*x + 887. What is g(-4)?
-1
Let u(a) = 9*a**2 - 605*a + 39. Calculate u(67).
-95
Let y(z) = -11*z + 318. Give y(30).
-12
Let r(y) = 457*y + 5028. Determine r(-11).
1
Let h(k) = -k**3 - 13*k**2 - 107*k - 636. Give h(-9).
3
Let h(v) = -9*v**2 - 149*v - 296. What is h(-2)?
-34
Let f(k) = 14*k**3 - 294*k**2 - k + 16. What is f(21)?
-5
Let l(c) = -c**2 + 16*c + 260. What is l(27)?
-37
Let w(g) = 988*g**2 - 2*g - 13. Give w(1).
973
Let q(u) = -2*u**3 - 557*u**2 + 202*u - 21487. Determine q(-279).
-4
Let a(d) = -2*d**2 - 899*d - 3568. Give a(-4).
-4
Let g(p) = p**3 - 221*p**2 + 12*p - 2653. Determine g(221).
-1
Let l(x) = -302*x - 876. Give l(-4).
332
Let x(a) = 14*a**2 + 7*a + 12. Give x(-4).
208
Let g(o) = -o**3 - 19*o**2 - 82*o - 1564. Give g(-19).
-6
Let p(k) = -6*k**3 - 34*k**2 + 22*k - 240. Determine p(-7).
-2
Let v(s) = s**3 + 9*s**2 + 2*s + 15. Give v(-9).
-3
Let c(v) = 17*v**3 - 3*v**2 - 5*v - 1. What is c(-1)?
-16
Let d(f) = -855*f + 1445. Give d(2).
-265
Let g(s) = -17*s**2 + 2*s. What is g(3)?
-147
Let w(t) = t**3 - 5*t**2 - 212*t + 1220. What is w(6)?
-16
Let b(s) = 5*s**2 + 33. Give b(5).
158
Let k(g) = -4*g**3 + 54*g**2 - 70*g - 22. Calculate k(12).
2
Let b(g) = g**3 + 4*g**2 - 163*g - 32. What is b(11)?
-10
Let x(t) = 26*t + 1120. What is x(-44)?
-24
Let u(b) = 3*b + 114. Calculate u(6).
132
Let n(a) = 2*a**2 + 273*a + 1308. What is n(-5)?
-7
Let g(l) = -2*l**3 - 28*l + 28. What is g(1)?
-2
Let y(j) = -j**3 - 39*j + 144. Determine y(3).
0
Let f(w) = -w**3 + 50*w**2 + 7*w - 1. Calculate f(0).
-1
Let r(c) = 4*c**2 - 35*c + 83. Calculate r(6).
17
Let a(s) = -s**3 - 71*s**2 + 149*s + 182. Give a(-73).
-37
Let o(l) = -l**3 - 9*l**2 + 364*l + 3275. What is o(-9)?
-1
Let g(z) = -59*z**2 - 232*z + 1260. Determine g(-7).
-7
Let m(n) = -n**3 + 20*n**2 - 89*n - 54. What is m(14)?
-124
Let o(i) = -2*i**3 - 6*i**2 - 8*i - 19. What is o(-3)?
5
Let m(b) = -34*b + 131. Give m(4).
-5
Let i(n) = -11*n**3 - 7*n**2 - 11*n - 5. Calculate i(-1).
10
Let b(p) = p**3 + 62*p**2 + 753*p - 538. What is b(-45)?
2
Let u(b) = 260*b + 26801. Calculate u(-103).
21
Let w(c) = -48*c**2 + 371*c - 235. Calculate w(7).
10
Let g(q) = 139*q - 566. Calculate g(4).
-10
Let k(g) = -g**3 - 43*g**2 - 85*g - 95. Determine k(-41).
28
Let z(u) = -u**3 - 10*u**2 + 4*u + 36. Calculate z(-10).
-4
Let s(n) = 3*n**2 - 137*n + 582. Give s(5).
-28
Let b(l) = -l**3 - 15*l**2 + 75*l - 28. Determine b(-19).
-9
Let k(m) = -17*m**2 - 25*m - 27. Give k(-7).
-685
Let t(p) = -9*p**3 - 27*p**2 + 7*p + 17. Give t(-3).
-4
Let b(v) = -v**2 + 20*v + 21. What is b(21)?
0
Let q(x) = -x**3 + 11*x**2 - 12*x + 29. Calculate q(9).
83
Let b(w) = -921*w + 12912. What is b(14)?
18
Let o(t) = 134*t + 5476. Give o(-41).
-18
Let f(y) = -8*y**2 + 46*y + 112. Calculate f(-2).
-12
Let c(t) = 13*t**2 + 91*t + 75. What is c(-6)?
-3
Let p(y) = -2*y**2 - 37*y - 62. Give p(-13).
81
Let a(q) = 3545*q - 7097. Determine a(2).
-7
Let p(t) = t**3 + 107*t**2 + 434*t + 2263. Calculate p(-103).
-3
Let m(q) = 1263*q - 195764. Give m(155).
1
Let f(q) = -q**3 + 108*q**2 - 77. Determine f(0).
-77
Let l(t) = t**2 - 13*t - 45. What is l(15)?
-15
Let x(c) = 3*c**2 - 340*c - 89. What is x(113)?
-202
Let n(u) = 4*u**2 + 232*u - 1820. Calculate n(-65).
0
Let w(l) = -l**3 + 80*l**2 - 112*l + 8775. Determine w(80).
-185
Let u(p) = -p**3 - 19*p**2 - 85*p - 68. What is u(-13)?
23
Let n(j) = -13298*j + 119693. Determine n(9).
11
Let p(x) = -2*x**3 - 49*x**2 + 5*x - 425. Give p(-25).
75
Let q(z) = -4*z**2 + 26*z - 33. Give q(8).
-81
Let c(w) = -85*w**2 + w + 1. Calculate c(-1).
-85
Let o(a) = a**2 - 9*a - 39. What is o(14)?
31
Let j(o) = -51*o - 34. Give j(8).
-442
Let i(l) = l**3 + 34*l**2 - 4*l + 245. What is i(-34)?
381
Let j(g) = 2*g**2 - 101*g - 380. Calculate j(54).
-2
Let w(g) = -g**3 - 2*g**2 + 36*g + 99. Calculate w(-3).
0
Let p(x) = 16*x + 1246. Determine p(-76).
30
Let f(j) = 134*j + 3616. Determine f(-25).
266
Let q(u) = 2*u**3 + 205*u**2 + 100*u - 9. Give q(-102).
195
Let s(l) = 22*l**2 + 2*l - 15. What is s(-2)?
69
Let r(g) = 15*g. Give r(5).
75
Let f(q) = q**2 + 18*q + 70. Calculate f(-11).
-7
Let s(q) = -2*q**2 + 54*q - 198. Give s(22).
22
Let j(z) = z**2 + 47*z + 231. Give j(-41).
-15
Let y(l) = -15*l**3 - 2*l**2 - 2*l + 5. Give y(-2).
121
Let d(y) = y**2 + 55*y - 856. Determine d(15).
194
Let o(s) = -11*s**3 - 484*s**2 - 481*s + 2. Give o(-1).
10
Let a(g) = 81*g - 3551. What is a(44)?
13
Let d(a) = 5*a**3 - a**2 + 2*a + 8. What is d(-4)?
-336
Let d(b) = -2935*b + 2941. Give d(1).
6
Let x(s) = -20*s**2 - 86*s + 274. Calculate x(3).
